107
Suppose -2*n - 2*u + 5182 = 0, 0 = -3*n - 44*u + 45*u + 7761. List the prime factors of n.
2, 647
Let z(m) = 5*m**2 + 7*m + 2. List the prime factors of z(7).
2, 37
Suppose 6*g = 3*g + 120. Let s be 1672/(-57) + -4*1/(-3). List the prime factors of 28/(-8)*g/s.
5
Let x(r) be the first derivative of r**3/3 - 7*r**2/2 + 17*r + 2. Let l(v) = -17*v - 61. Let n be l(-4). What are the prime factors of x(n)?
17
Let k(s) be the first derivative of -s**4/4 - 8*s**3/3 + 15*s**2/2 + 20*s - 3. What are the prime factors of k(-10)?
2, 5, 7
Suppose 39 + 3 = 7*n. Suppose 0 = -n*x + 602 + 106. What are the prime factors of x?
2, 59
Suppose 4*k = 2*o + 2*k + 162, 4*o + 4*k = -292. List the prime factors of (-1052)/(-22) - 14/o.
2, 3
Let n = -62 + 60. List the prime factors of n/16 - (-4329)/72.
2, 3, 5
Let c(p) = p**3 - 6*p**2 - p + 6. Let u be c(6). Suppose -3*j + 15 = -u*j. Suppose -2*h + 4*g - 3*g = -78, -57 = -h + j*g. List the prime factors of h.
37
Let b(y) = 3*y**2. Let k be b(-1). Suppose -r + 3 = f - 5*r, -k = -f + 5*r. Suppose -5*v + 5*t = -115, f*t + 25 = v - 0*t. What are the prime factors of v?
2, 11
Let t(c) = -c**3 - 4*c**2 + 3*c. Let p be t(-5). Let m = p + -8. What are the prime factors of ((-3)/(-6))/(m/24)?
2, 3
Suppose -2*u = -m + 288, 0*u + 5*u + 868 = 3*m. Suppose 5*z - m = 149. What are the prime factors of z?
89
Suppose -44*q = -47*q + 3036. List the prime factors of q.
2, 11, 23
Let t(w) = 2*w - 34. Let k be t(14). Let a(d) = d**2 + 8*d + 20. List the prime factors of a(k).
2
Let m be 21 + 5/(20/(-12)). Let c = 112 - m. What are the prime factors of c?
2, 47
Suppose 7*f - 17 = 46. What are the prime factors of (-7018)/(-99) + 1/f?
71
Suppose -r = 4*x - 2*r - 12, -2*x + 16 = -3*r. Suppose 3*n - 2 = a, -4*n - 11 = a - x. List the prime factors of n/3 - 230/(-15).
3, 5
Let b = -11 + 7. List the prime factors of (-7)/(-14) + (-222)/b.
2, 7
Suppose 982 = 5*b - 3*r, 2*b = -8*r + 9*r + 393. What are the prime factors of b?
197
What are the prime factors of ((-1)/1*40)/(-1 + 0)?
2, 5
Let n(f) = -f**3 - f**2 + 3*f - 1. Let i be n(-3). Suppose 13*d - i*d = 40. List the prime factors of (-2)/d + (-125)/(-20).
2, 3
Suppose -12*x + 41 = -7*x + 4*a, -5*x + 45 = 5*a. List the prime factors of ((-5)/4)/((10/(-64))/x).
2, 5
Let n = -28 - -32. Let w be (6/(-1))/(n/(-12)). What are the prime factors of w*1/10*5?
3
Let n be 4/(-3) - -2 - 3/(-9). What are the prime factors of (-6 - -4)/(219/(-216) + n)?
2, 3
Let j be -3*((-6)/27 - (-38)/(-18)). Suppose 0 = j*c - 13*c + 264. What are the prime factors of c?
2, 11
Let s(z) = 29*z + 1. Let i be s(1). Suppose 23*x - 20*x = -45. Let g = x + i. What are the prime factors of g?
3, 5
Let l(t) = -t**2 - 12*t - 3. Let c = -27 + 18. Let j be l(c). Let k = 20 + j. List the prime factors of k.
2, 11
List the prime factors of (20/(-12))/((-562)/561 - -1).
5, 11, 17
Let y(v) = 20*v**2 + v. Let s be y(-1). Let q(i) = i**3 + 2*i**2 + 25. Let t be q(-4). Let b = t + s. List the prime factors of b.
2, 3
Let z be 6/(-24) + 33/4. Suppose 2*j + z = 3*j. What are the prime factors of 10*(j/5)/4?
2
Let l(d) = -70*d + 18. Let o(x) = -141*x + 34. Let y(z) = -7*l(z) + 4*o(z). List the prime factors of y(-4).
2, 3, 17
Let d be 3 + 6/(-3) - -8. Suppose -d*m + 10*m - 21 = 0. Let a = m - 6. What are the prime factors of a?
3, 5
Let t(k) be the third derivative of -k**5/60 + k**4/4 - k**3 - 5*k**2. Let v be t(4). Suppose 5*f = -15, 4*f = v*u + 3*f - 155. What are the prime factors of u?
2, 19
Let l be ((-10)/(-6))/((-5)/15). Let z(a) = a + 9. What are the prime factors of z(l)?
2
Let v(p) = -5*p + 1. Let y(q) = -9*q + 2. Let b(r) = 11*v(r) - 6*y(r). Let u(n) = n - 4. Let t(m) = -3*b(m) - u(m). List the prime factors of t(7).
3, 7
Let j(z) = 26*z**2 + 9*z + 19. Let y be j(-9). Suppose -y = -13*l - l. What are the prime factors of l?
2, 73
Suppose -2*g = -h - 1888, -1888 = -2*g + 2*h - 6*h. What are the prime factors of g?
2, 59
What are the prime factors of (-32)/12*90/(-24)?
2, 5
Suppose -6*r + r = m - 285, m = 2*r + 250. List the prime factors of m.
2, 5, 13
Let a = 8707 + -3799. List the prime factors of a.
2, 3, 409
Suppose -5*q - 10 = -5*g, -g + 4 = g + 4*q. Suppose -g*v = -0*v - 10. Suppose v*c - 95 - 160 = 0. What are the prime factors of c?
3, 17
Let c = -2 - 1. Let a be (-1 - (-3 - c))*-5. Suppose 3*u = -5*o + a*u + 27, -4*o - 3*u = -17. List the prime factors of o.
5
Suppose 77 + 73 = 10*z. Let b = z + -4. What are the prime factors of b?
11
Suppose 5*i + 0*c = -2*c + 678, 2*i - 274 = 2*c. Suppose -3*r + i = r. What are the prime factors of r?
2, 17
Suppose -12*w = -9*w. Suppose -2*o - 8 = -w. Let b(u) = -u**2 - 7*u - 4. List the prime factors of b(o).
2
Let g = 5346 + -2951. What are the prime factors of g?
5, 479
Suppose -31*j - 3*a = -36*j + 18971, 3*j = 5*a + 11373. List the prime factors of j.
2, 13, 73
Let z = 2339 + 1508. What are the prime factors of z?
3847
Let v(q) = -3*q**3 - 2*q**2 - 2*q - 1. Let j be v(-1). Let a(u) = u**j + 6 - 2 + 3 - 10*u. List the prime factors of a(11).
2, 3
Suppose 0 = -97*h + 68*h + 94975. What are the prime factors of h?
5, 131
Suppose 414414 = 43*w + 23*w. What are the prime factors of w?
3, 7, 13, 23
Let x be 6/33 + (-175)/55. Let m = x + 8. What are the prime factors of m?
5
Let s = 110 + -37. Let r = s + -48. Suppose -g + 0*j - j = -r, -2*j = -g + 16. What are the prime factors of g?
2, 11
Suppose n - 558 = -2*n. Suppose 3*d + 5*w - n = 0, -2*w + 0 = -6. List the prime factors of d.
3, 19
Let r(m) = -2*m**2 + 20 + 1 + m**2 + m. Let b be r(0). Let v = b - 6. List the prime factors of v.
3, 5
Suppose -2*t + 2*y + y = -35, -4*y - 70 = -5*t. Let x = t - 10. Suppose -2*k - 34 = -2*o - 2*o, x = 5*k + 15. List the prime factors of o.
7
Suppose 8*w = 3*w. Suppose 2*x - 6*x + 40 = w. List the prime factors of x.
2, 5
Suppose -30*u + 28*u = -10. Suppose w = -n + 3, 3*w - 16 = -u*n + 5. Suppose 0 = n*r - 209 - 187. List the prime factors of r.
2, 3, 11
Let l = 19 - 14. Suppose -3*o + 15 = 3*w - 87, l*o = 3*w - 126. What are the prime factors of w?
37
Let x be (447/9)/((-5)/(-30)). Suppose 5*t = y - 294, y = 5*t - y + x. Let u = -13 - t. List the prime factors of u.
3, 5
Let o = -143 - -399. List the prime factors of o.
2
Let i(y) = -y**2 + 8*y - 3. Let x be i(7). Suppose 0 = n + x*n - 275. Let q = n + 3. List the prime factors of q.
2, 29
Let r = -1537 + 2414. What are the prime factors of r?
877
List the prime factors of 2 - (-12234)/36 - 1/(-6).
2, 3, 19
Let s(u) be the third derivative of -2*u**6/15 - u**4/24 + u**3/6 - 24*u**2. What are the prime factors of s(-2)?
131
Suppose 2*x = 7*x - 125. Suppose 22 = 4*w - 2*l + 5*l, -5*l = 5*w - x. What are the prime factors of w?
7
Suppose 0 = -h - 3*p + 43, -217 = -13*h + 9*h - 3*p. Suppose -h + 19 = -3*f. List the prime factors of f.
13
Suppose 4*n + 1 - 9 = 0. List the prime factors of 2*(4 + 12) - n.
2, 3, 5
Suppose g - 2*g = 4*b - 1109, 3*b - 828 = -2*g. List the prime factors of b + ((-4)/(-12) + 0)*-6.
2, 3, 23
Suppose 0 = 4*x - 5*i - 8206 + 515, -3*x + 5*i = -5762. List the prime factors of x.
3, 643
Let m(u) = 10*u**3 - 8*u**2 - 18*u + 4. List the prime factors of m(6).
2, 13, 17
Suppose -4*i + 3*i = 5*c - 28, -3*i + 14 = c. Suppose -m - 5*l = -l - 271, 4*m - i*l = 1084. List the prime factors of m.
271
Suppose 83*p + 2565 = 85*p - 5*b, 2*b = -10. List the prime factors of p.
2, 5, 127
Let k(w) = -w**2 - 7*w - 3. Let v be k(-6). Let x = 7 - v. List the prime factors of 30/x*(10 + -8).
3, 5
Suppose 0 = -4*i + i - 5*o + 31, 3*o - 19 = -2*i. Suppose 21 = i*l + l. List the prime factors of (-1 + 34/14)*l.
2, 5
Let k be ((-9)/(-6))/(18/96). Suppose 152 = 5*p + 2*g, -p + 5*g + k = -44. List the prime factors of p.
2
Suppose -4*l + 20 = 0, 0 = 4*o + 5*l - 2628 - 3001. List the prime factors of o.
3, 467
Suppose -o = 4*o - 20. Suppose 32 = 2*r - o*g, 0 = 2*r - g - 32 - 6. Suppose r = p - 1. What are the prime factors of p?
3, 7
Let l(h) = -h + 11. Let o be l(8). Suppose 0 = a + r - 29, -o*a + 4*r = -31 - 84. What are the prime factors of a?
3, 11
Suppose 11*j - 9*j + 1038 = 0. Let i = 825 + j. List the prime factors of i.
2, 3, 17
Let a(j) = -6*j - 35. Let m = -107 + 92. What are the prime factors of a(m)?
5, 11
Suppose -20*b = -10*b - 850. Wha